3 - -7).
25
What is -30 + (-13 - -86) + -36?
7
What is (-47 - 3) + (2 + -20 - (30 + -59))?
-39
6 + -2 + 4 + 44 - 7 - 10
35
(0 + -1 - (-2 + 12 + -14)) + 7
10
Calculate -2 - -17 - (-2 + (-14 - -14)).
17
Evaluate 4 + -1 - (3 + -3 + -8).
11
What is the value of 8 - (47 - (-5 - -27))?
-17
Calculate -8 - ((-2 - 3) + 8 + -24).
13
What is 9 + 64 + -6 + -41?
26
-2 + (0 - (9 - 6)) + (-1 - -12)
6
What is (-1 - -1) + (-83 - -75)?
-8
27 + -65 + 29 + (0 - -13) + -4
0
What is -2 - (-23 - -78) - -36?
-21
Evaluate -10 - (-4 + 1) - (17 - 13).
-11
What is the value of -1 + (6 - 5) - -4 - -4?
8
Evaluate 0 - -57 - 66 - (-23 + 0).
14
Calculate (3 - 10) + (8 - 3).
-2
Calculate (1 - -1) + (-206 - -226).
22
What is the value of -10 - (0 - (-5 + 21))?
6
-5 + (-3 - 0) + (100 - 76)
16
Evaluate -21 + 23 + -1 + (-1 - -9).
9
Evaluate 0 + -1 + (2 + -19 - -16).
-2
Evaluate -18 + 28 + (13 - (2 + -1)).
22
Evaluate -11 - (-5 + 15 - (3 - 0)).
-18
What is 1 + -2 + 24 - (-40 + 111 - 64)?
16
-1 - (-14 + 16 + 8)
-11
Calculate -2 - (-7 + (7 - 1)) - 1.
-2
(-36 - -30) + 10 - 32
-28
-232 + 230 + -18 + (0 - -3)
-17
What is 20 - (-24 + 3 - -57)?
-16
What is the value of 94 - 93 - (13 - -1)?
-13
6 + -2 + 3 + -25 + 20 + -9
-7
What is the value of -9 + (-2 - -12) - (-2 - -5)?
-2
Calculate 5 + 2 + -33 + (-3 - (3 + -17)).
-15
What is -8 + (2 - -5 - 0) + 0?
-1
What is the value of 0 + (6 - (3 + -1)) + -69 + 60?
-5
What is the value of 5 - (11 + 12 - -10)?
-28
Calculate (-125 - -131) + (1 - 4).
3
What is -46 + (6 - -49) + (1 + -1 - 23)?
-14
What is the value of -10 - (6 + -7) - -8?
-1
3 - (9 + 2) - -24
16
What is the value of -267 + 274 + 13 + 1?
21
What is the value of -21 + (4 - -6) + (1 - 2 - 2)?
-14
(-26 - (33 - 53)) + 7
1
What is 11 + -2 - -10 - (14 - 2)?
7
Evaluate 12 + (4 - (16 + -14)).
14
Calculate 0 + 12 + -4 + (23 - 23).
8
What is the value of (114 + -131 - (0 + 0) - 5) + 10?
-12
What is (-24 - 1 - 1) + (326 - 332)?
-32
Calculate -5 - (8 + -18 - (2 - 0)).
7
Calculate 1 - (-5 + 9) - (2 + (-17 - -1)).
11
What is 15 + (3 - (9 - (-3 + -1)) - -7)?
12
What is the value of 11 + 7 + -11 + -3 + -5?
-1
-1 + 3 + 10 + -13
-1
What is (5 - (-10 - 5)) + -41?
-21
What is (-5 + 3 - (2 - 1)) + -9?
-12
What is the value of -10 + 18 + -36 + 15?
-13
Calculate 7 - ((-7 - 19) + 27).
6
Evaluate 11 + 17 + 45 - 34.
39
Evaluate (0 + 1 - (-58 - -63)) + 20 + 2.
18
Calculate (1 - 0 - -8) + (9 - -7) + -10.
15
-5 + (-8 + 5 + 0 - 6) + 6
-8
What is the value of -7 + (11 - 1 - -9) + 6?
18
What is the value of 17 + -18 - (5 + (7 - 2))?
-11
(1 - -4) + -3 + 6 - (-1 - 2)
11
Evaluate 6 + 65 + -30 + -44.
-3
Evaluate 6 + (-8 - (2 - (3 + -9) - 8)).
-2
Evaluate (12 - 5 - -1) + -10.
-2
What is 8 + 8 + -6 + -12 + 11?
9
Calculate -10 + 11 + -2 - -3 - -5.
7
What is the value of 3 + 0 + -37 + 30 + 9?
5
(42 + -43 - (-2 - (2 + -1))) + -2
0
-13 + -2 + (-1 - -10 - (157 + -137))
-26
What is 35 + -33 + (-12 - -2)?
-8
What is the value of 8 - (2 + (10 - (-7 + 9)) - -27)?
-29
4 - -3 - (-4 + 14 - 6)
3
Calculate -13 + (0 + 22 - (76 + -92)).
25
-15 - (-14 - (1 + (-15 - -8)))
-7
What is -2 + -22 - (-951 + 916)?
11
What is (2 - (-8 - (0 - 6))) + -9?
-5
Calculate (4 + (2 - -9) - 6) + -2.
7
-13 - (-4 + 4 + 1 + (6 - 8))
-12
Evaluate (11 - (2 + -2)) + -4 + 5.
12
5 - 53 - -34 - -23
9
What is the value of 9 + 3 - (17 + -7 - 5 - -11)?
-4
Evaluate 5 + (-7 - (-14 + 6 - -3)) - -9.
12
Evaluate 113 - 100 - (1 - -4 - 0).
8
Calculate -6 + (3 - (4 - (2 + -4) - -3)).
-12
What is (62 + -17 - 23) + -1?
21
What is -8 + (-13 - -30) - (3 - -2 - -1)?
3
What is the value of 15 + (-12 - -2 - 5)?
0
Evaluate -10 + -10 + (0 - (-2 - (-2 + -5))).
-25
Evaluate 31 - (6 + 23 + -17).
19
-6 + (-6 + -2 - (3 + -11 - -8))
-14
What is -13 - (-42 - -12) - 14?
3
Evaluate 6 + -2 + (16 - (18 + 1)).
1
Calculate 15 + -4 + -21 + 4.
-6
Evaluate 1 + (12 - 2) + -49 + 46.
8
What is (156 - 170) + -3 + 16?
-1
Calculate (12 - -7) + -11 + -9 + -3.
-4
10 + (13 - 4) + -10
9
Calculate -3 + -3 + 4 - (-47 - -37).
8
What is the value of (-31 - (8 - 24)) + 1?
-14
Calculate 0 - -5 - (19 + 4).
-18
Calculate (1 - -1) + (9 - (16 - (11 + -11))).
-5
Calculate 5 - (-5 + 11) - -5 - 4 - 0.
0
What is (27 - 18) + 21 + -1 + -6?
23
(-9 + -6 - -15) + -23 + (-1 - 2)
-26
Calculate 3 - -26 - (232 - 179).
-24
(-19 - (17 - 30)) + -10
-16
What is (5 - -2) + (9 - (-2 - -10)) + -22?
-14
What is the value of (3 - (7 + -18)) + -7 + (1 - 4)?
4
Evaluate (-36 - (-20 - -4)) + -13.
-33
Calculate (10 - (4 + 17)) + 29.
18
Evaluate 10 + 1 + (50 - 30) + -43.
-12
Evaluate 2 + 0 - (-109 + 111).
0
What is the value of 9 + (399 - 363) + (-10 - 1)?
34
Evaluate -4 + 0 - (-85 - -87).
-6
What is the value of -2 + -1 + (-5 - -17) + -13?
-4
What is the value of 6 + -2 + (6 - 1) + -10?
-1
Evaluate (1 + -43 - -20) + -1.
-23
What is -30 + 27 + -10 - -3?
-10
What is 1 + -4 + 2 - (-156 - -152)?
3
What is -12 + (14 - (0 + (12 - -14)))?
-24
Calculate 5 + (6 + 1 + -6 - 2).
4
Evaluate (-14 - (2 + -4)) + (274 - 276).
-14
Evaluate -12 + 24 + (-7 - -1) - (14 - -14).
-22
Calculate -34 - ((-3 - (-3 - -6)) + -1).
-27
What is the value of 4 + -19 + -18 - -27?
-6
Calculate -10 + 10 + -9 + -3.
-12
What is the value of -33 + (12 - 36) + 38?
-19
What is the value of (-28 - 0) + -2 + (-615 - -628)?
-17
What is -3 - 5 - 1 - -18 - 5?
4
Calculate 1 - -34 - (8 + -12 + (10 - -2)).
27
Evaluate -25 - ((-21 - -7) + -6).
-5
What is the value of 1 - (-6 + 6 + (1 - -1)) - -10?
9
Calculate (-3 - 13) + -3 + -7 + 2 + 11.
-13
-186 + 204 + (-2 - 19) + -35
-38
Evaluate (3 + -8 + 1 + 0 - -5) + -4.
-3
5 + 0 - -24 - (26 + -15)
18
What is (16 - 14) + -1 + 7 - 1?
7
What is 35 - 9 - (13 + 2 + -5)?
16
Evaluate 6 + 1 - (7 - (-4 - 6)).
-10
What is the value of -3 + 8 + (-243 - -245)?
7
What is the value of 3 + -8 - (-12 + 3 + -23 + 46)?
-19
What is -27 + (-7 - (-15 + 18) - -16)?
-21
What is (1 - 0) + -2 + 6 + (-313 - -321)?
13
Calculate -39 + (-27 + 24 - -19).
-23
Evaluate (44 + -40 - (2 - -5)) + -7.
-10
Evaluate -11 + 15 + -6 + -31.
-33
What is -7 + -5 - -2 - -2?
-8
(53 - (21 - -20)) + -1 + 0
11
(3 - -5 - 9) + -3
-4
Evaluate 128 + -108 - (3 + -8 - -5).
20
What is the value of (-72 - -85) + 1 + -28?
-14
Evaluate 8 + (-26 - -28) + (-1 - (-2 - 5)).
16
(-87 - -92) + (1 - (0 - (-1 - -2)))
7
What is -7 - (-23 + (27 - 9) + 0 + 5)?
-7
What is the value of 8 + 4 - (31 + -6 - 3)?
-10
What is the value of 2 + -30 - ((-11 - -16) + -1 + -13)?
-19
Calculate -21 - (-21 + -3) - 10.
-7
(27 - 29) + (51 - 12)
37
Evaluate (-13 - 0) + 307 + -306.
-12
Calculate (-3 - (-1 - ((7 - 16) + 4))) + 4.
-3
What is 5 - (24 - 6 - (10 + 1 - 1))?
-3
Calculate -5 + 0 - (-8 - (12 - 15)) - 4.
-4
What is the value of (-5 - (1 + -1)) + (62 - 32) + -27?
-2
What is (3 - -5) + (0 - (5 + -4)) + 7?
14
What is the value of -17 + -38 + 20 + -4?
-39
1 - (17 - (5 + -1 + 5))
-7
Evaluate -36 + 1 + 6 + -4 + 34 + -25.
-24
What is the value of -5 - (2 - (9 + (0 - 6)))?
-4
1 + 33 - (-617 - -617)
34
What is the value of (21 - -1) + -119 + 87?
-10
What is -5 + 0 + 23 - (22 - -5)?
-9
-6 - -30 - (30 - 14)
8
What is the value of 19 - ((19 - 19) + -15 - -8)?
26
Calculate -5 - (30 + -23 + -36).
24
Calculate 8 - 5 - (-15 + (8 - 2) + 2).
10
Calculate -4 + 45 + -33 - 9.
-1
What is -23 - (36 + (-35 - 50))?
26
What is (-7 - 2 - -7 - 6) + 20 + -4?
8
What is (34 - 16 - 17) + -1 + 2 + -11?
-9
Calculate -6 - ((-2 - (4 - 2 - 3)) + -5).
0
59 + 12 + -6 + -42
23
Evaluate -14 - ((-5 - 1) + 1).
-9
(-39 - (9 - 29)) + 29
10
Evaluate 0 + -16 - (25 - 93 - -38).
14
Calculate 90 + -94 + (1 - 1).
-4
What is -3 + 8 + 1 - (531 + -521)?
-4
Calculate 5 + 11 + -16 - (6 - (-3 + 5)).
-4
Evaluate 31 + 1 + (-2 + 0 - (-163 - -167)).
26
What is -11 + (13 - -16) + -35?
-17
Calculate -7 + (-8 - -1) + (8 - 2 - -6).
-2
-15 + 19 - 26 - ((-4 - 1) + 0)
-17
Evaluate 5 - (-1 + 0) - (-625 - -619).
12
What is -13 + 8 + -7 + 0 - 7?
-19
Calculate -23 + -39 + 42 - (-1 + -3).
-16
Calculate -9 + (-1 - -7 - (-2 + 1)).
-2
Evaluate (2 - 1) + 0 + 0 + 0 - -13.
14
Calculate 4 + 7 + -7 + -10.
-6
What is the value of 10 + 7 + -11 - ((-2 - -4) + -3)?
7
What is the value of -4 - (103 + -86 - (11 + 1))?
-9
Calculate -3 + (-71 + 65 - (-2 + -1 + 9)).
-15
(-2 + 1 - (-7 + 24 + -17)) + -14
-15
Calculate 49 + -72 - (2 - 12).
-13
Calculate 1 - -2 - ((-15 - -21) + -7).
4
Evaluate -1 + 47 - 12 - (0 - -10).
24
Evaluat